{"id":542,"date":"2018-11-27T09:17:28","date_gmt":"2018-11-27T09:17:28","guid":{"rendered":"https:\/\/tukevaterveys.fi\/index.php\/services\/"},"modified":"2025-12-10T19:05:09","modified_gmt":"2025-12-10T19:05:09","slug":"palveluni","status":"publish","type":"page","link":"https:\/\/tukevaterveys.fi\/index.php\/palveluni\/","title":{"rendered":"Palveluni"},"content":{"rendered":"\t\t<div data-elementor-type=\"wp-post\" data-elementor-id=\"542\" class=\"elementor elementor-542\">\n\t\t\t\t\t\t<section class=\"elementor-section elementor-top-section elementor-element elementor-element-33a79095 elementor-section-boxed elementor-section-height-default elementor-section-height-default\" data-id=\"33a79095\" data-element_type=\"section\" data-e-type=\"section\" data-settings=\"{&quot;background_background&quot;:&quot;classic&quot;}\">\n\t\t\t\t\t\t\t<div class=\"elementor-background-overlay\"><\/div>\n\t\t\t\t\t\t\t<div class=\"elementor-container elementor-column-gap-default\">\n\t\t\t\t\t<div class=\"elementor-column elementor-col-100 elementor-top-column elementor-element elementor-element-3706530d\" data-id=\"3706530d\" data-element_type=\"column\" data-e-type=\"column\">\n\t\t\t<div class=\"elementor-widget-wrap elementor-element-populated\">\n\t\t\t\t\t\t<div class=\"elementor-element elementor-element-537de1f elementor-widget elementor-widget-heading\" data-id=\"537de1f\" data-element_type=\"widget\" data-e-type=\"widget\" data-widget_type=\"heading.default\">\n\t\t\t\t\t<h1 class=\"elementor-heading-title elementor-size-default\">Palveluni<\/h1>\t\t\t\t<\/div>\n\t\t\t\t\t<\/div>\n\t\t<\/div>\n\t\t\t\t\t<\/div>\n\t\t<\/section>\n\t\t\t\t<section class=\"elementor-section elementor-top-section elementor-element elementor-element-2dbed9a elementor-section-boxed elementor-section-height-default elementor-section-height-default\" data-id=\"2dbed9a\" data-element_type=\"section\" data-e-type=\"section\" data-settings=\"{&quot;background_background&quot;:&quot;classic&quot;}\">\n\t\t\t\t\t\t<div class=\"elementor-container elementor-column-gap-default\">\n\t\t\t\t\t<div class=\"elementor-column elementor-col-100 elementor-top-column elementor-element elementor-element-1ca627b\" data-id=\"1ca627b\" data-element_type=\"column\" data-e-type=\"column\">\n\t\t\t<div class=\"elementor-widget-wrap elementor-element-populated\">\n\t\t\t\t\t\t<div class=\"elementor-element elementor-element-42fd904 elementor-widget elementor-widget-heading\" data-id=\"42fd904\" data-element_type=\"widget\" data-e-type=\"widget\" data-widget_type=\"heading.default\">\n\t\t\t\t\t<h2 class=\"elementor-heading-title elementor-size-default\">Kenelle hoidot sopivat?<\/h2>\t\t\t\t<\/div>\n\t\t\t\t<div class=\"elementor-element elementor-element-432499d elementor-widget-divider--view-line elementor-widget elementor-widget-divider\" data-id=\"432499d\" data-element_type=\"widget\" data-e-type=\"widget\" data-widget_type=\"divider.default\">\n\t\t\t\t\t\t\t<div class=\"elementor-divider\">\n\t\t\t<span class=\"elementor-divider-separator\">\n\t\t\t\t\t\t<\/span>\n\t\t<\/div>\n\t\t\t\t\t\t<\/div>\n\t\t\t\t<div class=\"elementor-element elementor-element-8dff22f elementor-widget elementor-widget-text-editor\" data-id=\"8dff22f\" data-element_type=\"widget\" data-e-type=\"widget\" data-widget_type=\"text-editor.default\">\n\t\t\t\t\t\t\t\t\t<p><b>Kalevalainen j\u00e4senkorjaus ja LPG-hoidot sopivat l\u00e4hes jokaiselle, i\u00e4st\u00e4 riippumatta.<\/b><\/p>\t\t\t\t\t\t\t\t<\/div>\n\t\t\t\t\t<\/div>\n\t\t<\/div>\n\t\t\t\t\t<\/div>\n\t\t<\/section>\n\t\t\t\t<section class=\"elementor-section elementor-inner-section elementor-element elementor-element-d6c60ea elementor-section-boxed elementor-section-height-default elementor-section-height-default\" data-id=\"d6c60ea\" data-element_type=\"section\" data-e-type=\"section\" data-settings=\"{&quot;background_background&quot;:&quot;classic&quot;}\">\n\t\t\t\t\t\t<div class=\"elementor-container elementor-column-gap-default\">\n\t\t\t\t\t<div class=\"elementor-column elementor-col-50 elementor-inner-column elementor-element elementor-element-f20a204\" data-id=\"f20a204\" data-element_type=\"column\" data-e-type=\"column\" data-settings=\"{&quot;background_background&quot;:&quot;classic&quot;}\">\n\t\t\t<div class=\"elementor-widget-wrap elementor-element-populated\">\n\t\t\t\t\t\t<div class=\"elementor-element elementor-element-bfd172b elementor-widget elementor-widget-image\" data-id=\"bfd172b\" data-element_type=\"widget\" data-e-type=\"widget\" data-widget_type=\"image.default\">\n\t\t\t\t\t\t\t\t\t\t\t\t<figure class=\"wp-caption\">\n\t\t\t\t\t\t\t\t\t\t\t<a href=\"https:\/\/fi.wikipedia.org\/wiki\/Kalevalainen_j%C3%A4senkorjaus\" target=\"_blank\" rel=\"noopener\">\n\t\t\t\t\t\t\t<img decoding=\"async\" src=\"https:\/\/tukevaterveys.fi\/wp-content\/uploads\/2022\/03\/hieronta.jpg\" title=\"hieronta\" alt=\"hieronta\" loading=\"lazy\" \/>\t\t\t\t\t\t\t\t<\/a>\n\t\t\t\t\t\t\t\t\t\t\t<figcaption class=\"widget-image-caption wp-caption-text\">Kalevalainen j\u00e4senkorjaus<\/figcaption>\n\t\t\t\t\t\t\t\t\t\t<\/figure>\n\t\t\t\t\t\t\t\t\t<\/div>\n\t\t\t\t<div class=\"elementor-element elementor-element-d0c44fe elementor-invisible elementor-widget elementor-widget-image-box\" data-id=\"d0c44fe\" data-element_type=\"widget\" data-e-type=\"widget\" data-settings=\"{&quot;_animation&quot;:&quot;fadeIn&quot;}\" data-widget_type=\"image-box.default\">\n\t\t\t\t\t<div class=\"elementor-image-box-wrapper\"><div class=\"elementor-image-box-content\"><h5 class=\"elementor-image-box-title\"><br>KALEVALAINEN J\u00c4SENKORJAUS<br><\/h5><p class=\"elementor-image-box-description\">Kalevalainen j\u00e4senkorjaus on kehon tuki- ja liikuntaelimist\u00f6\u00f6n kohdistuva hell\u00e4 pehmytkudosk\u00e4sittely. K\u00e4sittelyss\u00e4 ei niksautella. <br><br>\n\nEp\u00e4tasapaino sek\u00e4 virheasennot kehossa aiheuttaa lihasten, kalvorakenteiden ja\nj\u00e4nteiden kiristymisen kautta kudospaineen kasvua, hermopinteit\u00e4, kipua sek\u00e4 haittaa\nsolujen ja kudosten ravinnon- ja hapensaantia.<br><br>\n\nKun lihasten j\u00e4nnitys purkautuu ja kudosten paine tasoittuu, palautuu&nbsp;tuki- ja\nliikuntaelimist\u00f6n tasapaino, kudosten verenkierto paranee ja kehon omat\nkorjausmekanismit aktivoituvat. <br><br>Hermoihin kohdistuva paine, virheasennot ja\nkudosnesteen kertyminen (turvotukset) v\u00e4henev\u00e4t, samoin v\u00e4henee tai h\u00e4vi\u00e4\u00e4 my\u00f6s\nkipu. Nivelten liikkuvuus ja nivelpintojen aineenvaihdunta paranevat.<br><br>\n\nHoidossa k\u00e4sitell\u00e4\u00e4n tuki- ja liikuntaelimist\u00f6n toimintaan liittyv\u00e4t pehmytkudokset ja\nnivelet jalkapohjista p\u00e4\u00e4lakeen saakka kipua ehdottomasti v\u00e4ltt\u00e4en, kudoksien\ntuntemuksia kunnioittaen ja nivelten normaaleja liikeratoja hy\u00f6dynt\u00e4en.<br><br>Varaa aikasi molempiin hoitoihin soittamalla, sill\u00e4 konsultoin jokaisen asiakkaan ennen hoitoa, kiitos!\nVoit my\u00f6s l\u00e4hett\u00e4\u00e4 viestin yhteydenottolomakkeen kautta.<\/p><\/div><\/div>\t\t\t\t<\/div>\n\t\t\t\t\t<\/div>\n\t\t<\/div>\n\t\t\t\t<div class=\"elementor-column elementor-col-50 elementor-inner-column elementor-element elementor-element-bce40d9\" data-id=\"bce40d9\" data-element_type=\"column\" data-e-type=\"column\">\n\t\t\t<div class=\"elementor-widget-wrap elementor-element-populated\">\n\t\t\t\t\t\t<div class=\"elementor-element elementor-element-cce00ea elementor-widget elementor-widget-image\" data-id=\"cce00ea\" data-element_type=\"widget\" data-e-type=\"widget\" data-widget_type=\"image.default\">\n\t\t\t\t\t\t\t\t\t\t\t\t<figure class=\"wp-caption\">\n\t\t\t\t\t\t\t\t\t\t\t<a href=\"https:\/\/fi.wikipedia.org\/wiki\/LPG\" target=\"_blank\" rel=\"noopener\">\n\t\t\t\t\t\t\t<img decoding=\"async\" src=\"https:\/\/tukevaterveys.fi\/wp-content\/uploads\/2022\/02\/taustakuva.jpg\" title=\"taustakuva\" alt=\"taustakuva\" loading=\"lazy\" \/>\t\t\t\t\t\t\t\t<\/a>\n\t\t\t\t\t\t\t\t\t\t\t<figcaption class=\"widget-image-caption wp-caption-text\">Lpg-hoito<\/figcaption>\n\t\t\t\t\t\t\t\t\t\t<\/figure>\n\t\t\t\t\t\t\t\t\t<\/div>\n\t\t\t\t<div class=\"elementor-element elementor-element-c17baf9 elementor-position-top elementor-invisible elementor-widget elementor-widget-image-box\" data-id=\"c17baf9\" data-element_type=\"widget\" data-e-type=\"widget\" data-settings=\"{&quot;_animation&quot;:&quot;fadeIn&quot;}\" data-widget_type=\"image-box.default\">\n\t\t\t\t\t<div class=\"elementor-image-box-wrapper\"><figure class=\"elementor-image-box-img\"><img decoding=\"async\" src=\"https:\/\/tukevaterveys.fi\/wp-content\/uploads\/2022\/03\/lpg.jpg\" title=\"\" alt=\"\" class=\"elementor-animation-push\" loading=\"lazy\" \/><\/figure><div class=\"elementor-image-box-content\"><h5 class=\"elementor-image-box-title\">LPG-kasvohoito<\/h5><p class=\"elementor-image-box-description\">LPG-kasvohoito aktivoi paikallista aineenvaihdunta ja rentouttaa kasvojen lihaksia. Hoito edist\u00e4\u00e4 kollageeniin tuotantoa ihossa ja parantaa kasvojen kiinteytt\u00e4 ja kimmoisuutta. LPG-kasvohoidoissa k\u00e4ytet\u00e4\u00e4n erityisi\u00e4 hoitop\u00e4it\u00e4, jotka mahdollistavat my\u00f6s yksit\u00e4isten kasvojen osien hoidon. LPG-kasvohoito on luonnollinen tapa parantaa kasvojen  ihoa ilman leikkauksia, pistoksia tai kemikaaleja.<br><br>LPG-kasvohoidon hy\u00f6dyt:<br>- Korjaa ihon rakennetta sis\u00e4lt\u00e4 p\u00e4in<br>- Vahvistaa kollageeni- ja sidekudoss\u00e4keit\u00e4<br>- Parantaa hapen ja ravinteiden kuljetusta kudoksiin<br>- Kiinteytt\u00e4\u00e4 veltostunutta ihoa<br>- Madaltaa juonteita ja ryppyj\u00e4 sek\u00e4 lis\u00e4\u00e4 kollageenin tuontantoa<br>- Tekee ihosta kirkkaamman<br><br><br><h5 data-elementor-setting-key=\"title_text\" data-elementor-inline-editing-toolbar=\"none\" data-pen-placeholder=\"Kirjoita t\u00e4h\u00e4n...\" style=\"font-style: normal\">Kuivakuppaus <\/h5>Kuivakuppaus eli imukuppaus on perinteinen hoitomuoto, jossa silikoniset imukupiot nostavat ihon pehmyskudosta ja lihaksia yl\u00f6s alipaineella. Sit\u00e4 tehd\u00e4\u00e4n joko liuttamalla kuppeja \u00f6ljytyll\u00e4 iholla tai j\u00e4tt\u00e4m\u00e4ll\u00e4 ne paikoilleen. Hoidon esteet: raskaus, sy\u00f6p\u00e4sairaudet, veri- ja syd\u00e4nsairaudet, verenohennusl\u00e4\u00e4kkeet (my\u00f6s aspiriini ja disperiini), vaikea diabetes, akuutit tulehdustilat ja vammat, suonikohjut, tulehtunut iho.<br><br>- Imukuppaus parantaa verenkiertoa <br>- Vilkastuttaa aineenvaihduntaa<br>- Poistaa lihasj\u00e4nnityksi\u00e4 ja kuona-aineita<br>- Lievitt\u00e4\u00e4 kipua<br>- Edist\u00e4\u00e4 rentoutumista<br>- V\u00e4hent\u00e4\u00e4 tulehdusta kehossa\n\n<br><div style=\"text-align: start\"><br><\/div><\/p><\/div><\/div>\t\t\t\t<\/div>\n\t\t\t\t\t<\/div>\n\t\t<\/div>\n\t\t\t\t\t<\/div>\n\t\t<\/section>\n\t\t\t\t<\/div>\n\t\t","protected":false},"excerpt":{"rendered":"<p>Palveluni Kenelle hoidot sopivat? Kalevalainen j\u00e4senkorjaus ja LPG-hoidot sopivat l\u00e4hes jokaiselle, i\u00e4st\u00e4 riippumatta. Kalevalainen j\u00e4senkorjaus KALEVALAINEN J\u00c4SENKORJAUS Kalevalainen j\u00e4senkorjaus on kehon tuki- ja liikuntaelimist\u00f6\u00f6n kohdistuva hell\u00e4 pehmytkudosk\u00e4sittely. K\u00e4sittelyss\u00e4 ei niksautella. Ep\u00e4tasapaino sek\u00e4 virheasennot kehossa aiheuttaa lihasten, kalvorakenteiden ja j\u00e4nteiden kiristymisen kautta kudospaineen kasvua, hermopinteit\u00e4, kipua sek\u00e4 haittaa solujen ja kudosten ravinnon- ja hapensaantia. Kun lihasten [&hellip;]<\/p>\n","protected":false},"author":1,"featured_media":0,"parent":0,"menu_order":0,"comment_status":"closed","ping_status":"closed","template":"","meta":{"site-sidebar-layout":"no-sidebar","site-content-layout":"page-builder","ast-site-content-layout":"default","site-content-style":"default","site-sidebar-style":"default","ast-global-header-display":"","ast-banner-title-visibility":"","ast-main-header-display":"","ast-hfb-above-header-display":"","ast-hfb-below-header-display":"","ast-hfb-mobile-header-display":"","site-post-title":"disabled","ast-breadcrumbs-content":"","ast-featured-img":"disabled","footer-sml-layout":"","ast-disable-related-posts":"","theme-transparent-header-meta":"enabled","adv-header-id-meta":"","stick-header-meta":"","header-above-stick-meta":"","header-main-stick-meta":"","header-below-stick-meta":"","astra-migrate-meta-layouts":"default","ast-page-background-enabled":"default","ast-page-background-meta":{"desktop":{"background-color":"","background-image":"","background-repeat":"repeat","background-position":"center center","background-size":"auto","background-attachment":"scroll","background-type":"","background-media":"","overlay-type":"","overlay-color":"","overlay-opacity":"","overlay-gradient":""},"tablet":{"background-color":"","background-image":"","background-repeat":"repeat","background-position":"center center","background-size":"auto","background-attachment":"scroll","background-type":"","background-media":"","overlay-type":"","overlay-color":"","overlay-opacity":"","overlay-gradient":""},"mobile":{"background-color":"","background-image":"","background-repeat":"repeat","background-position":"center center","background-size":"auto","background-attachment":"scroll","background-type":"","background-media":"","overlay-type":"","overlay-color":"","overlay-opacity":"","overlay-gradient":""}},"ast-content-background-meta":{"desktop":{"background-color":"var(--ast-global-color-5)","background-image":"","background-repeat":"repeat","background-position":"center center","background-size":"auto","background-attachment":"scroll","background-type":"","background-media":"","overlay-type":"","overlay-color":"","overlay-opacity":"","overlay-gradient":""},"tablet":{"background-color":"var(--ast-global-color-5)","background-image":"","background-repeat":"repeat","background-position":"center center","background-size":"auto","background-attachment":"scroll","background-type":"","background-media":"","overlay-type":"","overlay-color":"","overlay-opacity":"","overlay-gradient":""},"mobile":{"background-color":"var(--ast-global-color-5)","background-image":"","background-repeat":"repeat","background-position":"center center","background-size":"auto","background-attachment":"scroll","background-type":"","background-media":"","overlay-type":"","overlay-color":"","overlay-opacity":"","overlay-gradient":""}},"footnotes":""},"class_list":["post-542","page","type-page","status-publish","hentry"],"_links":{"self":[{"href":"https:\/\/tukevaterveys.fi\/index.php\/wp-json\/wp\/v2\/pages\/542","targetHints":{"allow":["GET"]}}],"collection":[{"href":"https:\/\/tukevaterveys.fi\/index.php\/wp-json\/wp\/v2\/pages"}],"about":[{"href":"https:\/\/tukevaterveys.fi\/index.php\/wp-json\/wp\/v2\/types\/page"}],"author":[{"embeddable":true,"href":"https:\/\/tukevaterveys.fi\/index.php\/wp-json\/wp\/v2\/users\/1"}],"replies":[{"embeddable":true,"href":"https:\/\/tukevaterveys.fi\/index.php\/wp-json\/wp\/v2\/comments?post=542"}],"version-history":[{"count":138,"href":"https:\/\/tukevaterveys.fi\/index.php\/wp-json\/wp\/v2\/pages\/542\/revisions"}],"predecessor-version":[{"id":1738,"href":"https:\/\/tukevaterveys.fi\/index.php\/wp-json\/wp\/v2\/pages\/542\/revisions\/1738"}],"wp:attachment":[{"href":"https:\/\/tukevaterveys.fi\/index.php\/wp-json\/wp\/v2\/media?parent=542"}],"curies":[{"name":"wp","href":"https:\/\/api.w.org\/{rel}","templated":true}]}}